what is -285 - -5?
-280
In base 15, what is -6 + 8?
2
In base 2, what is -1 + -1001011?
-1001100
In base 15, what is -88e8 + -1?
-88e9
In base 5, what is 10 + -140?
-130
In base 5, what is 2 + 232?
234
In base 3, what is 12 + 1002?
1021
In base 7, what is 5 - 641?
-633
In base 3, what is 20 - 1221212?
-1221122
In base 16, what is 2c - 23f?
-213
In base 4, what is -11 - 10?
-21
In base 14, what is -10 + -141?
-151
In base 9, what is 8118 - 1?
8117
In base 4, what is -11013 + 11?
-11002
In base 13, what is -2 - -20b6?
20b4
In base 7, what is -4605 - -2?
-4603
In base 13, what is 4 + 1c1?
1c5
In base 6, what is 3144 - 21?
3123
In base 13, what is -4 - 210?
-214
In base 8, what is -61 - 3?
-64
In base 9, what is 0 + -67?
-67
In base 8, what is 14 - -112?
126
In base 13, what is 3 + 5?
8
In base 9, what is 42 + -5?
36
In base 5, what is -10 + -114123?
-114133
In base 10, what is -3 + 19?
16
In base 4, what is -1221 + 1102?
-113
In base 5, what is 2 + 30122?
30124
In base 11, what is 57 - 4?
53
In base 8, what is 6 - 1352?
-1344
In base 6, what is -1021 + -2?
-1023
In base 10, what is -3 + -8?
-11
In base 3, what is 2 - -1020120?
1020122
In base 5, what is -2 + 244?
242
In base 11, what is -1461 + -2?
-1463
In base 15, what is 616 + 2?
618
In base 7, what is 3 - -63?
66
In base 15, what is -2 + 23?
21
In base 3, what is -2221211 - 12?
-2222000
In base 8, what is -46 - 5?
-53
In base 15, what is -5 - -3b3?
3ad
In base 11, what is 5 - 1245?
-1240
In base 8, what is 407 - 5?
402
In base 8, what is -542 - 17?
-561
In base 10, what is -15 + 12?
-3
In base 15, what is 4 - 849?
-845
In base 10, what is 37 - -20?
57
In base 2, what is -1 + -1001101101101?
-1001101101110
In base 12, what is -a8 + -3?
-ab
In base 15, what is -3b - 3?
-3e
In base 8, what is 533 - -3?
536
In base 5, what is 1043 + -1?
1042
In base 10, what is -259 + 4?
-255
In base 16, what is -63 - 3b?
-9e
In base 16, what is -3a05 + 2?
-3a03
In base 7, what is 40 + 4?
44
In base 9, what is 5 + -661?
-655
In base 16, what is 1 - -38?
39
In base 2, what is -10 + -1001011?
-1001101
In base 16, what is 1 + 1d?
1e
In base 2, what is 11010000111 + 1010?
11010010001
In base 11, what is 11743 - -2?
11745
In base 9, what is 81 + -2?
78
In base 10, what is 2 - -33?
35
In base 5, what is -31 + -1141?
-1222
In base 12, what is -1b - -339?
31a
In base 16, what is -5 - 67?
-6c
In base 9, what is -1 - -1674?
1673
In base 14, what is -3d - -73?
34
In base 4, what is 12 + -103?
-31
In base 13, what is -6b + 2?
-69
In base 2, what is 1110011100000 - -100?
1110011100100
In base 8, what is 3 + -2720?
-2715
In base 5, what is 141 + 112?
303
In base 4, what is 1000 + -123?
211
In base 7, what is 0 + -3254?
-3254
In base 9, what is -4 + -28?
-33
In base 13, what is 0 - -1c?
1c
In base 14, what is -1 + 709?
708
In base 14, what is 42a0 - 0?
42a0
In base 12, what is 2 - -82?
84
In base 6, what is -5 - -4100?
4051
In base 6, what is -1122 + 2?
-1120
In base 4, what is 20 + 31?
111
In base 9, what is -2 - 8?
-11
In base 9, what is 1275 + 4?
1280
In base 3, what is -102212 - -1?
-102211
In base 2, what is -1110111101111 - -101?
-1110111101010
In base 15, what is -3 + 23?
20
In base 10, what is 5 - 114?
-109
In base 7, what is 5 + 2402?
2410
In base 11, what is 48a6 - 0?
48a6
In base 11, what is 0 - 180?
-180
In base 16, what is 52 - 1?
51
In base 13, what is -2a - 13?
-40
In base 3, what is -12 - 20110011?
-20110100
In base 9, what is 184 - 2?
182
In base 3, what is 10 + -110?
-100
In base 4, what is -3 + -3201?
-3210
In base 5, what is -2233 + -22?
-2310
In base 10, what is -26 - -7?
-19
In base 15, what is -3 - -18c?
189
In base 3, what is -12 - -1000002?
222220
In base 3, what is -1021020 + -12?
-1021102
In base 2, what is -11 + -1011000100?
-1011000111
In base 7, what is 11 + 13?
24
In base 10, what is 2 - -136?
138
In base 11, what is 3 - 22?
-1a
In base 9, what is -110 - 5?
-115
In base 10, what is -4 - -156?
152
In base 16, what is -17 + 32?
1b
In base 4, what is -1101 + 0?
-1101
In base 12, what is -722 + 5?
-719
In base 8, what is -17 + -27?
-46
In base 16, what is -6d1 + 0?
-6d1
In base 12, what is -2a + 6?
-24
In base 13, what is 3 - -5a?
60
In base 2, what is 11 - 1011001101001?
-1011001100110
In base 13, what is 3 - -26?
29
In base 7, what is 104 - 5?
66
In base 4, what is -12123 + 3?
-12120
In base 10, what is 133 - -2?
135
In base 3, what is 0 + -11101212?
-11101212
In base 2, what is 1 + 10100?
10101
In base 4, what is 120 + -201?
-21
In base 10, what is 0 + -244?
-244
In base 9, what is 0 - -556?
556
In base 13, what is -8 - -15?
a
In base 5, what is 14221 + -4?
14212
In base 8, what is -23 - -1?
-22
In base 16, what is 9e + 3?
a1
In base 3, what is 12 - -1000200?
1000212
In base 12, what is 16b + -7?
164
In base 2, what is 10010 + -1010?
1000
In base 8, what is -1100 + 1?
-1077
In base 2, what is -111000110 + -1?
-111000111
In base 9, what is 8 - -7?
16
In base 11, what is -71 + -39?
-aa
In base 10, what is -2 + -131?
-133
In base 3, what is -2 - -111010?
111001
In base 14, what is 0 - -677?
677
In base 4, what is 20310 - -1?
20311
In base 7, what is -1131 - 1?
-1132
In base 5, what is -424 + 132?
-242
In base 11, what is -4 - -1912?
1909
In base 13, what is 19c + -2?
19a
In base 16, what is -3 - -9a?
97
In base 13, what is 5 + -46?
-41
In base 8, what is -22 - -4?
-16
In base 5, what is -40 + 20?
-20
In base 15, what is -13c + -1c?
-159
In base 8, what is -362 + -21?
-403
In base 14, what is -3 - -39?
36
In base 10, what is -3 + -115?
-118
In base 6, what is -5 + 1?
-4
In base 9, what is -227 - 1?
-228
In base 6, what is -143 - 1?
-144
In base 15, what is -7 - -b9?
b2
In base 15, what is 4 - -3?
7
In base 5, what is 21 - -32?
103
In base 2, what is 0 + -110111100?
-110111100
In base 13, what is -3 + -8?
-b
In base 16, what is -1 - -16fe?
16fd
In base 13, what is 3 - -34a?
350
In base 10, what is 2733 - 4?
2729
In base 12, what is 57 + -28?
2b
In base 9, what is -4 + -1836?
-1841
In base 4, what is -111 - -10?
-101
In base 7, what is 3401 + 0?
3401
In base 16, what is 1 - 17?
-16
In base 15, what is -185 + 2?
-183
In base 8, what is -4 - 15?
-21
In base 5, what is -3202 - -4?
-3143
In base 15, what is 39 - -bd?
107
In base 3, what is -212 - 12?
-1001
In base 13, what is -1c8 - 1?
-1c9
In base 3, what is -2 + -1002111?
-1002120
In base 4, what is -2200 + 3?
-2131
In base 4, what is -3011 - -102?
-2303
In base 5, what is -24 - -302?
223
In base 16, what is 250 - 4?
24c
In base 8, what is 3 + 55?
60
In base 15, what is -21 - -50?
2e
In base 6, what is -4 + -4301?
-4305
In base 11, what is -1132 - 0?
-1132
In base 8, what is -4 - -2416?
2412
In base 16, what is 2 - 3?
-1
In base 7, what is 2 - 150?
-145
In base 4, what is 1 + 1201?
1202
In base 10, what is -2352 - 3?
-2355
In base 16, what is -7d37 + 1?
-7d36
In base 9, what is -16 + 26?
10
In base 6, what is 203 + 2?
205
In base 13, what is 56 + 13?
69
In base 2, what is 100101111000100 + -11?
100101111000001
In base 2, what is -11101100100 + 1?
-11101100011
In base 10, what is 4 - 81?
-77
In base 16, what is 66 + 16?
7c
In base 13, what is 34 - 6?
2b
In base 2, what is -1101001 + 10?
-1100111
In base 10, what is -2 + 875?
873
In base 9, what is -2118 + 5?
-2113
In base 15, what is -16 - 7?
-1d
In base 11, what is -40 - -8?
-33
In base 3, what is 12022 - -2022?
21121
In base 12, what is 14b2 - 0?
14b2
In base 9, what is -123 - -15?
-107
In base 5, what is 2 + 2240?
2242
In base 8, what is -6 + 11?
3
In base 7, what is -20025 + -3?
-20031
In base 6, what is -2 + -135?
-141
In base 13, what is -a28a - 1?
-a28b
In base 5, what is 24 - 4402?
-4323
In base 12, what is 163b - -2?
1641
In base 16, what is 1 + 148?
149
In base 7, what is 0 + 134?
134
In base 3, what is 11220221 + -1?
11220220
In base 5, what is 113 - -1104?
1222
In base 7, what is 33322 + -1?
33321
In base 6, what is 222 - 112?
110
In base 16, what is 877 + -3?
874
In base 11, what is -686 - -1?
-685
In base 10, what is -919 + 6?
-913
In base 7, what is -36343 - 2?
-36345
In base 10, what is 1502 + 2?
1504
In base 13, what is -136bc - -4?
-136b8
In base 11, what is -4383 - -3?
-4380
In base 3, what is -12 + -2110?
-2122
In base 12, what is 3 - -3?
6
In base 16, what is 5 + 7b?
80
In base 12,